t d be (-4)/(-3)*(h + -6 + 10). Let f = -2 + 5. What is the greatest common factor of f and d?
3
Suppose -2*a - 440 = -6*a. Let y(z) = -z**3 + 6*z**2 + 37*z - 200. Let h be y(7). What is the greatest common divisor of h and a?
10
Suppose -2*f + 78 = 3*z - z, 4*z = 4*f - 196. Suppose 5*l - 20 = -p + 3, -2*p - 2*l + 62 = 0. What is the greatest common divisor of p and f?
11
Suppose 5*c + 3 = 13. Suppose -r + 13 = 4*i, -i - 1 = c. Let o be ((-4)/2)/((-4)/10). Calculate the greatest common factor of r and o.
5
Let m(o) be the third derivative of o**6/120 + o**3 - o**2. Let n be m(0). Let c be 4/(-18) - (-272)/9. Calculate the greatest common divisor of n and c.
6
Let i(l) = -5*l + 4. Let p be i(-4). Let m(x) = 12*x. Let f be m(6). What is the highest common factor of f and p?
24
Suppose 3*s + 11 + 14 = 4*c, 0 = 5*c + 5*s - 5. What is the highest common factor of c and 2?
2
Suppose b - 2*b = -15. Let c be b*1*(-12)/(-20). Suppose 0 = -5*h + 4*h + 9. What is the highest common factor of h and c?
9
Let c = 141 + -64. What is the highest common divisor of c and 35?
7
Suppose -6*q - 10*q = -768. What is the highest common divisor of 168 and q?
24
Suppose 5*g + 20 = -5*w - 0*w, -4*g - 3*w = 12. Suppose -5*j - 5 = g, -2*j - 15 - 65 = -2*q. What is the highest common divisor of 26 and q?
13
Suppose 3*r = -0 + 66. Let c be (-4)/r + (-378)/(-22). Suppose 28 = 3*h - 125. Calculate the highest common divisor of h and c.
17
Suppose -10*h + 23*h - 2340 = 0. What is the greatest common factor of h and 100?
20
Suppose 5*x + 3*v - 32 = 0, -4*x - 4*v = -11 - 13. Suppose -s + x = 4. What is the highest common factor of 27 and s?
3
Suppose -33*l + 8640 = 87*l. Calculate the greatest common factor of 136 and l.
8
Suppose -5*r + 19 + 31 = 5*l, 3*r - 3*l - 30 = 0. Let g be 7/(196/(-21))*-12 - -101. Calculate the highest common factor of r and g.
10
Suppose 2*g + 0*g = 2*w + 1328, 3*g = 4*w + 1992. What is the greatest common factor of g and 8?
8
Let b(k) = k**3 - 4*k**2 - 2*k + 4. Suppose -i = -0 - 14. Let g = 20 - i. Let y be b(g). Calculate the greatest common factor of y and 8.
8
Let c be 4*-3*(-1)/4. Let t = 1 - 0. Let q be (-1)/(t*3/(-6)). Calculate the highest common factor of q and c.
1
Let f(h) = 2*h**3 - 25*h**2 + 14*h - 25. Let w be f(12). Let r be 4*3*(w + 36/8). Calculate the highest common divisor of r and 14.
14
Let l(u) = -79*u**3 - u - 7. Let q be l(-2). Suppose 6*z - 9*z = -q. Calculate the greatest common factor of z and 19.
19
Let x = 134 + -68. Calculate the greatest common factor of 594 and x.
66
Suppose 82 = 2*n + 52. Calculate the greatest common divisor of n and 5.
5
Let y(n) = -174*n - 339. Let m be y(-3). Calculate the greatest common divisor of 305 and m.
61
Let p(a) = a**2 + 27*a + 228. Let v be p(-27). Calculate the greatest common factor of v and 171.
57
Let k be (-2 - -1)/(6/(-90)). Suppose -4*u + 25 = -k. Let t be 206/14 - u/(-35). What is the highest common factor of 60 and t?
15
Let q = 21 - 19. Let p be (8/6 - q)/(2/(-45)). Calculate the greatest common factor of p and 15.
15
Suppose 110*i - 600 = 105*i. Suppose 3*a - 5*a + 30 = 0. What is the highest common factor of a and i?
15
Suppose 5*w + 119 = 10*w + s, 20 = w + 4*s. What is the highest common factor of 348 and w?
12
Let x be (-4)/(3 - 11) + 26/4. Suppose 0 = -4*y - x + 39. Let g = 0 + 64. What is the greatest common divisor of y and g?
8
Let z = -44 - -2. Let q = z - -46. Calculate the highest common divisor of q and 40.
4
Suppose 27*g = 22*g + 2840. Calculate the highest common factor of 71 and g.
71
Let j = 351 - 251. Suppose 3*t + 11 = 4*p + j, 2*p + 44 = 2*t. Let k be (-14)/21 - p/3. Calculate the greatest common factor of k and 7.
7
Let m be (-435)/(-6) + (-42)/12 + 3. Calculate the highest common divisor of 96 and m.
24
Suppose 178*g - 181*g = -48. What is the highest common factor of g and 8?
8
Suppose -4*t + 396 = 5*v, 4*t - 32*v - 396 = -27*v. Let q be (-79)/(-7) - 4/14. Calculate the greatest common factor of t and q.
11
Let m(p) = 7*p**2 - 1. Let t be m(-2). Let v be (-7)/4*-5 - 327/(-1308). What is the highest common divisor of t and v?
9
Let k(s) = 6*s**2 - 7*s - 1. Let l be k(-5). Let c = 55 + -46. Let j(t) = 5*t - 22. Let h be j(c). Calculate the greatest common factor of h and l.
23
Let x be (3 - 18)/3 + (2 - -5). Calculate the highest common factor of x and 13.
1
Let k be 6/4*6940/30. Suppose 0 = 3*s - 901 - k. Let f be (9/4)/(78/s). What is the greatest common factor of f and 3?
3
Let n = -56 - -80. Let t be ((-324)/(-90))/(-1 - (-1115)/1100). Calculate the highest common factor of t and n.
24
Let b(m) = -m**3 + 12*m**2 - 11*m + 7. Let h be b(9). Let z = h - 119. Calculate the highest common divisor of z and 2.
2
Let z = 0 - 2. Let t be (-38)/(-9) + z/9. Let n(b) = b**2 - b - 1. Let m be n(2). Calculate the highest common factor of t and m.
1
Suppose x = 2*h + 179, 10*h = 11*h - 5. What is the greatest common divisor of x and 9?
9
Let g be (-58)/(-4) + 3/(-6). Let b(j) = -19*j - 54. Let w be b(-8). Calculate the highest common divisor of w and g.
14
Suppose 157 = 3*f - 11. Let h be -30*(133/(-35) - -1). Calculate the highest common factor of h and f.
28
Let r = -73 - -50. Let o = r + 48. What is the greatest common factor of 100 and o?
25
Let t = 126 - 80. What is the highest common divisor of 69 and t?
23
Let o(s) = 12*s**2 - 8*s + 8. Let g be o(5). Suppose 4*m - 66 = 2*j - g, -5*j + 450 = m. Calculate the greatest common divisor of 13 and j.
13
Let p = -110 - -113. Suppose 0 = -3*g - 6 - 0, p*v - 44 = g. What is the greatest common factor of 112 and v?
14
Let u(y) = -y**3 + y**2 + 11*y - 21. Let r be u(3). Let t be r/((-30)/535) + 1. Calculate the highest common divisor of t and 72.
36
Suppose 114 - 2 = 8*n. Calculate the greatest common factor of n and 22.
2
Let n be (-16)/2*15/(-6). Let p(l) = -l**2 - 9*l + 12. Let s be p(-8). What is the greatest common divisor of n and s?
20
Let t = 233 - 197. What is the highest common divisor of t and 468?
36
Let l be 4/26 + (-10476)/(-351). What is the greatest common divisor of l and 150?
30
Let q = 21 + -9. Let j be (7/(-3) + 3)*-42. Let k be (-3350)/(-35) - 8/j. What is the greatest common divisor of q and k?
12
Suppose 10 = 4*t - 14. Let r be (36 - 15)*4/t. Calculate the greatest common divisor of 2 and r.
2
Suppose 0 = 3*f + 3*h, 0 = 3*h - 6 - 3. Let b(k) = -k**3 - 3*k**2 - 6*k - 5. Let l be b(f). What is the greatest common divisor of l and 143?
13
Suppose 0 = -7*q + 6*q - 1. Let b be (q/((-6)/(-9)))/(2/(-28)). What is the greatest common factor of 14 and b?
7
Let o(f) = 11*f**2 + f - 37. Let r be o(-7). What is the highest common factor of r and 55?
55
Let b be (-4)/(7 + (-300)/42). Calculate the highest common divisor of 70 and b.
14
Let a = -184 - -196. What is the greatest common factor of 9 and a?
3
Let p(o) = -10 - 4 + 2*o**3 + 2*o**3 + 9*o**2 - 3*o**3. Let s be p(-8). Calculate the highest common divisor of s and 10.
10
Suppose -b + 4*g + 47 = -51, 5*b - g - 566 = 0. Calculate the greatest common divisor of 76 and b.
38
Let h be (4/8)/((-2)/36). Let x(f) = 5*f + 23. Let z(t) = -3*t - 11. Let y(p) = h*z(p) - 4*x(p). Let w be y(6). What is the highest common divisor of w and 7?
7
Let s(i) = -4*i - 5. Let b be s(-2). Suppose 4*k - 4 = n - 8, -4*k - 28 = -b*n. Suppose 0 = -4*o + n - 4. Calculate the highest common factor of o and 2.
2
Let m = 697 + -649. Calculate the highest common factor of 228 and m.
12
Suppose -19*l + 15*l - 92 = 0. Let g = 92 + l. Calculate the highest common factor of g and 23.
23
Suppose -4*f = -f + 12. Let j be 3/(-3)*(f - 1). Suppose 61 = 4*i - 99. Calculate the greatest common divisor of j and i.
5
Let m be (-4)/18 + (-19476)/(-162). Suppose 2*f = 4*f. Suppose f = -7*c + 2*c - 3*p + 84, -3*c - 3*p = -54. What is the highest common factor of m and c?
15
Let z(x) = x + 22. Let f be z(7). Let a(l) = -l + 6. Let s be a(-10). Let j = f - s. Calculate the highest common factor of j and 65.
13
Suppose 9*k = 7*k + 12. Suppose 67 = -2*c + k*c - 3*h, 3*h - 61 = -4*c. What is the highest common divisor of c and 24?
8
Suppose -9*b - 42 = -10*b. What is the greatest common divisor of 462 and b?
42
Let t = 78 + 160. Calculate the greatest common divisor of t and 28.
14
Suppose -20*q - 100 = -